415?
5
What is the thousands digit of 31170?
1
What is the ten thousands digit of 47260?
4
What is the ten thousands digit of 12485?
1
What is the thousands digit of 9519?
9
What is the units digit of 1012?
2
What is the tens digit of 3157?
5
What is the thousands digit of 6389?
6
What is the tens digit of 8448?
4
What is the hundreds digit of 27327?
3
What is the thousands digit of 39981?
9
What is the units digit of 33920?
0
What is the tens digit of 352?
5
What is the tens digit of 699?
9
What is the ten thousands digit of 20534?
2
What is the ten thousands digit of 20179?
2
What is the hundreds digit of 103010?
0
What is the ten thousands digit of 17806?
1
What is the thousands digit of 9004?
9
What is the thousands digit of 71168?
1
What is the thousands digit of 1869?
1
What is the hundreds digit of 2900?
9
What is the hundreds digit of 58239?
2
What is the hundreds digit of 101061?
0
What is the thousands digit of 22675?
2
What is the tens digit of 4191?
9
What is the ten thousands digit of 16223?
1
What is the hundreds digit of 777?
7
What is the tens digit of 1043?
4
What is the tens digit of 260?
6
What is the tens digit of 4238?
3
What is the units digit of 699?
9
What is the tens digit of 41119?
1
What is the units digit of 1784?
4
What is the hundreds digit of 9399?
3
What is the units digit of 17186?
6
What is the hundreds digit of 11351?
3
What is the ten thousands digit of 77143?
7
What is the tens digit of 35949?
4
What is the hundreds digit of 33252?
2
What is the hundred thousands digit of 111914?
1
What is the tens digit of 564?
6
What is the hundreds digit of 22758?
7
What is the hundreds digit of 4745?
7
What is the thousands digit of 26803?
6
What is the tens digit of 10132?
3
What is the thousands digit of 2911?
2
What is the units digit of 546?
6
What is the ten thousands digit of 11281?
1
What is the thousands digit of 1298?
1
What is the units digit of 1148?
8
What is the units digit of 10232?
2
What is the hundreds digit of 26909?
9
What is the ten thousands digit of 26950?
2
What is the units digit of 869?
9
What is the hundreds digit of 110081?
0
What is the thousands digit of 2793?
2
What is the ten thousands digit of 25600?
2
What is the tens digit of 673?
7
What is the tens digit of 100784?
8
What is the units digit of 1013?
3
What is the thousands digit of 12210?
2
What is the thousands digit of 3176?
3
What is the thousands digit of 12605?
2
What is the ten thousands digit of 13505?
1
What is the hundreds digit of 27472?
4
What is the units digit of 166266?
6
What is the thousands digit of 83333?
3
What is the thousands digit of 2944?
2
What is the tens digit of 69603?
0
What is the hundreds digit of 446?
4
What is the thousands digit of 5723?
5
What is the ten thousands digit of 10868?
1
What is the thousands digit of 46214?
6
What is the tens digit of 18181?
8
What is the ten thousands digit of 11517?
1
What is the thousands digit of 41331?
1
What is the ten thousands digit of 166985?
6
What is the hundreds digit of 11732?
7
What is the tens digit of 7634?
3
What is the hundreds digit of 21203?
2
What is the tens digit of 46806?
0
What is the hundreds digit of 2741?
7
What is the units digit of 503?
3
What is the hundreds digit of 2753?
7
What is the units digit of 2345?
5
What is the units digit of 1405?
5
What is the units digit of 1206?
6
What is the hundreds digit of 4209?
2
What is the tens digit of 6582?
8
What is the thousands digit of 13197?
3
What is the hundreds digit of 683?
6
What is the units digit of 4189?
9
What is the units digit of 167?
7
What is the tens digit of 36669?
6
What is the hundreds digit of 25736?
7
What is the tens digit of 1360?
6
What is the tens digit of 645?
4
What is the hundreds digit of 3471?
4
What is the thousands digit of 73348?
3
What is the units digit of 3564?
4
What is the units digit of 4389?
9
What is the units digit of 3081?
1
What is the tens digit of 260?
6
What is the ten thousands digit of 15937?
1
What is the units digit of 8702?
2
What is the units digit of 15751?
1
What is the thousands digit of 8865?
8
What is the units digit of 8076?
6
What is the hundreds digit of 4773?
7
What is the thousands digit of 1182?
1
What is the units digit of 4325?
5
What is the hundreds digit of 4972?
9
What is the thousands digit of 22476?
2
What is the hundreds digit of 1274?
2
What is the hundreds digit of 165?
1
What is the ten thousands digit of 12504?
1
What is the tens digit of 3416?
1
What is the units digit of 952?
2
What is the tens digit of 1553?
5
What is the thousands digit of 11129?
1
What is the tens digit of 70886?
8
What is the ten thousands digit of 45722?
4
What is the units digit of 826?
6
What is the thousands digit of 2726?
2
What is the units digit of 1264?
4
What is the units digit of 2674?
4
What is the units digit of 59206?
6
What is the thousands digit of 2779?
2
What is the units digit of 3358?
8
What is the hundreds digit of 656?
6
What is the units digit of 295?
5
What is the hundreds digit of 255?
2
What is the hundreds digit of 5986?
9
What is the thousands digit of 1596?
1
What is the tens digit of 9665?
6
What is the thousands digit of 14753?
4
What is the hundreds digit of 5315?
3
What is the tens digit of 3541?
4
What is the thousands digit of 10778?
0
What is the thousands digit of 1201?
1
What is the units digit of 2488?
8
What is the tens digit of 345?
4
What is the hundreds digit of 10221?
2
What is the hundreds digit of 53553?
5
What is the hundreds digit of 1899?
8
What is the ten thousands digit of 12300?
1
What is the tens digit of 8229?
2
What is the tens digit of 1425?
2
What is the units digit of 110180?
0
What is the units digit of 69748?
8
What is the tens digit of 1608?
0
What is the tens digit of 28603?
0
What is the units digit of 23702?
2
What is the thousands digit of 1115?
1
What is the thousands digit of 18534?
8
What is the tens digit of 37265?
6
What is the tens digit of 7167?
6
What is the units digit of 12447?
7
What is the thousands digit of 1946?
1
What is the hundreds digit of 802?
8
What is the tens digit of 2142?
4
What is the tens digit of 1202?
0
What is the thousands digit of 178065?
8
What is the units digit of 3209?
9
What is the tens digit of 690?
9
What is the units digit of 74833?
3
What is the thousands digit of 15171?
5
What is the thousands digit of 9053?
9
What is the tens digit of 1194?
9
What is the thousands digit of 1175?
1
What is the thousands digit of 3615?
3
What is the units digit of 69926?
6
What is the hundreds digit of 987?
9
What is the hundreds digit of 8738?
7
What is the units digit of 62207?
7
What is the hundreds digit of 154?
1
What is the tens digit of 1619?
1
What is the tens digit of 47806?
0
What is the tens digit of 8322?
2
What is the thousands digit of 4498?
4
What is the tens digit of 108179?
7
What is the tens digit of 6029?
2
What is the units digit of 66612?
2
What is the tens digit of 17224?
2
What is the hundreds digit of 3418?
4
What is the thousands digit of 1594?
1
What is the hundreds digit of 5139?
1
What is the units digit of 13541?
1
What is the units digit of 18249?
9
What is the thousands digit of 75766?
5
What is the ten thousands digit of 30967?
3
What is the hundreds digit of 12394?
3
What is the tens digit of 347?
4
What is the tens digit of 1628?
2
What is the hundreds digit of 4867?
8
What is the ten thousands digit of 70866?
7
What is the thousands digit of 33596?
3
What is the thousands digit of 5141?
5
What is the thousands digit of 1097?
1
What is the units digit of 302?
2
What is the hundreds digit of 32859?
8
What is the thousands digit of 11688?
1
What is the units digit of 10403?
3
What is the tens digit of 5657?
5
What is the hundreds digit of 6793?
7
What is the thousands digit of 40418?
0
What is the thousands digit of 3140?
3
What is the hundreds digit of 8320?
3
What is the tens digit of 3775?
7
What is the hundreds digit of 103?
1
What is the tens digit of 27673?
7
What is the hundreds digit of 3821?
8
What is the thousands digit of 1294?
1
What is the hundreds digit of 36869?
8
What is the hundreds digit of 127198?
1
What is the thousands digit of 84145?
4
What is the thousands digit of 39026?
9
What is the hundreds digit of 61523?